
5
Calculate the highest common factor of 8601 and 250344.
183
Calculate the highest common factor of 562 and 174782.
562
What is the greatest common divisor of 1776 and 2544?
48
What is the greatest common divisor of 505338 and 6?
6
Calculate the greatest common factor of 57419 and 134.
67
What is the highest common divisor of 15 and 295485?
15
What is the greatest common factor of 287546 and 322?
322
Calculate the highest common factor of 626007 and 852.
213
Calculate the highest common factor of 387164 and 3205.
641
What is the greatest common factor of 64 and 7390?
2
Calculate the highest common factor of 27861 and 233430.
753
What is the greatest common divisor of 15983 and 869?
11
What is the highest common divisor of 2724436 and 3872?
484
Calculate the highest common divisor of 2991684 and 48.
12
What is the highest common factor of 204 and 36618?
102
What is the highest common factor of 324965 and 103?
103
What is the greatest common divisor of 372340 and 20?
20
Calculate the greatest common divisor of 1830400 and 1248.
416
What is the greatest common factor of 298 and 98?
2
Calculate the highest common divisor of 2775 and 682095.
555
Calculate the highest common divisor of 1428 and 31892.
476
What is the greatest common divisor of 1072 and 1456?
16
Calculate the greatest common factor of 1091448 and 2445.
489
Calculate the greatest common factor of 259080 and 1530.
510
Calculate the greatest common factor of 47733 and 63.
21
Calculate the greatest common factor of 944 and 8032.
16
Calculate the highest common factor of 43 and 1977527.
43
Calculate the highest common divisor of 13160 and 336.
56
What is the greatest common divisor of 84 and 68397?
21
Calculate the greatest common divisor of 47 and 235611.
47
What is the greatest common factor of 1980 and 2420?
220
What is the greatest common divisor of 380 and 27890?
10
Calculate the highest common divisor of 7209 and 80100.
801
Calculate the greatest common divisor of 13790 and 14000.
70
Calculate the highest common factor of 19536 and 3080.
88
What is the highest common factor of 580918 and 286?
26
What is the highest common divisor of 47990 and 10?
10
What is the highest common factor of 306162 and 1398?
1398
Calculate the greatest common factor of 111344 and 48.
16
What is the greatest common divisor of 351920 and 1166?
106
What is the greatest common factor of 12 and 961592?
4
Calculate the highest common divisor of 17722 and 2.
2
Calculate the greatest common factor of 2146 and 261.
29
What is the highest common divisor of 151 and 847563?
151
What is the greatest common factor of 108459 and 7416?
927
Calculate the highest common factor of 51635 and 230.
115
Calculate the greatest common factor of 925 and 43660.
185
Calculate the highest common factor of 48198 and 19314.
174
What is the greatest common factor of 2321 and 10550?
211
Calculate the greatest common factor of 52955 and 56.
7
What is the greatest common factor of 126 and 46242?
126
What is the highest common factor of 256 and 130912?
32
Calculate the highest common factor of 8788 and 1300.
52
What is the highest common factor of 341162 and 1462?
86
What is the highest common factor of 351248 and 3016?
232
What is the highest common divisor of 4108 and 12877?
79
What is the highest common divisor of 16 and 958816?
16
Calculate the highest common divisor of 1828100 and 606.
202
Calculate the highest common factor of 108 and 17982.
54
Calculate the greatest common divisor of 100851 and 33.
3
What is the greatest common factor of 269555 and 126005?
1595
Calculate the highest common factor of 10923 and 209.
11
What is the highest common divisor of 896 and 119552?
128
What is the highest common factor of 144 and 2025?
9
What is the greatest common factor of 63 and 26811?
9
Calculate the highest common factor of 1176062 and 38.
38
What is the highest common divisor of 10789 and 12?
1
What is the greatest common factor of 13 and 73801?
13
What is the greatest common divisor of 297 and 2962278?
297
Calculate the greatest common divisor of 54 and 213138.
54
Calculate the greatest common divisor of 41200 and 112.
16
Calculate the highest common divisor of 39617 and 2061.
229
What is the greatest common divisor of 4968 and 6408?
72
What is the greatest common factor of 1085 and 104594?
217
What is the greatest common divisor of 2940 and 180?
60
Calculate the greatest common factor of 444 and 44141.
37
Calculate the highest common factor of 72064 and 128.
128
What is the highest common factor of 14960 and 1122?
374
Calculate the highest common divisor of 14810 and 30.
10
Calculate the greatest common divisor of 1541 and 12931.
67
Calculate the greatest common divisor of 1137 and 57.
3
What is the greatest common divisor of 28 and 34244?
28
Calculate the greatest common factor of 25 and 58635.
5
Calculate the greatest common factor of 29330 and 1430.
10
What is the greatest common factor of 263454 and 171?
57
Calculate the highest common divisor of 10475 and 13275.
25
Calculate the greatest common factor of 20140 and 135680.
1060
What is the greatest common factor of 768 and 7296?
384
What is the greatest common factor of 272895 and 45?
15
What is the highest common divisor of 8512767 and 17?
17
Calculate the highest common factor of 280072 and 2392.
104
Calculate the highest common divisor of 13288 and 31106.
302
What is the greatest common divisor of 2574362 and 3052?
1526
Calculate the greatest common factor of 48384 and 11424.
672
Calculate the highest common divisor of 227040 and 1650.
330
What is the greatest common divisor of 31194 and 774?
18
Calculate the highest common divisor of 8676 and 72.
36
Calculate the greatest common factor of 8 and 241.
1
What is the highest common divisor of 55774 and 4942?
706
What is the highest common factor of 83824 and 220376?
1352
What is the highest common factor of 4052 and 744?
4
What is the greatest common factor of 1281600 and 32?
32
What is the greatest common factor of 9063 and 38?
19
Calculate the greatest common factor of 1335 and 3120.
15
What is the highest common divisor of 19 and 2337057?
19
Calculate the greatest common factor of 51684 and 2190.
438
What is the greatest common divisor of 8232 and 2064?
24
Calculate the greatest common divisor of 110 and 992200.
110
What is the greatest common factor of 1715676 and 12?
12
Calculate the greatest common factor of 326 and 976859.
163
What is the greatest common factor of 19279 and 533?
13
What is the greatest common divisor of 4521 and 6?
3
Calculate the greatest common factor of 10678 and 1102.
38
What is the highest common divisor of 2829 and 54366?
123
What is the greatest common factor of 35560 and 49?
7
Calculate the highest common factor of 576912 and 3939.
303
Calculate the highest common divisor of 113 and 532569.
113
What is the highest common divisor of 1418 and 567909?
709
What is the greatest common factor of 129755 and 5?
5
What is the highest common divisor of 59821 and 7?
1
Calculate the greatest common factor of 1801939 and 337.
337
Calculate the greatest common divisor of 286 and 5018.
26
What is the greatest common divisor of 4556 and 748?
68
Calculate the highest common divisor of 12310 and 25.
5
What is the greatest common divisor of 27069 and 861?
21
Calculate the greatest common divisor of 4507623 and 27.
27
Calculate the highest common divisor of 3520 and 31790.
110
Calculate the greatest common factor of 85545 and 90.
45
Calculate the greatest common divisor of 58515 and 50055.
705
Calculate the greatest common factor of 12600 and 3192.
168
What is the highest common divisor of 12091 and 1498?
107
What is the highest common divisor of 614 and 186349?
307
Calculate the highest common divisor of 2957185 and 99.
11
Calculate the highest common factor of 96 and 5069676.
12
What is the highest common factor of 343 and 651?
7
What is the highest common divisor of 276831 and 567?
27
What is the greatest common factor of 4942 and 56?
14
Calculate the greatest common factor of 2147 and 3503.
113
Calculate the greatest common divisor of 108812 and 4.
4
Calculate the greatest common factor of 235299 and 738.
123
What is the highest common factor of 1442016 and 42?
6
What is the greatest common divisor of 1395368 a